{"id":1328,"date":"2013-08-27T21:50:09","date_gmt":"2013-08-27T20:50:09","guid":{"rendered":"https:\/\/pes-isere.fr\/?page_id=1328"},"modified":"2017-07-02T22:42:04","modified_gmt":"2017-07-02T20:42:04","slug":"osteopathie-et-tms","status":"publish","type":"page","link":"https:\/\/pes-isere.fr\/bourgoin-jallieu\/osteopathie-et-tms\/","title":{"rendered":"Ost\u00e9opathie et TMS"},"content":{"rendered":"<div class=\"fusion-fullwidth fullwidth-box fusion-builder-row-1 nonhundred-percent-fullwidth non-hundred-percent-height-scrolling\" style=\"--awb-border-radius-top-left:0px;--awb-border-radius-top-right:0px;--awb-border-radius-bottom-right:0px;--awb-border-radius-bottom-left:0px;--awb-flex-wrap:wrap;\" ><div class=\"fusion-builder-row fusion-row\"><div class=\"fusion-layout-column fusion_builder_column fusion-builder-column-0 fusion_builder_column_1_1 1_1 fusion-one-full fusion-column-first fusion-column-last\" style=\"--awb-bg-size:cover;\"><div class=\"fusion-column-wrapper fusion-flex-column-wrapper-legacy\"><div class=\"fusion-title title fusion-title-1 fusion-title-center fusion-title-text fusion-title-size-one\" style=\"--awb-margin-top-small:10px;--awb-margin-right-small:0px;--awb-margin-bottom-small:10px;--awb-margin-left-small:0px;\"><div class=\"title-sep-container title-sep-container-left\"><div class=\"title-sep sep-double sep-solid\" style=\"border-color:#e0dede;\"><\/div><\/div><span class=\"awb-title-spacer\"><\/span><h1 class=\"fusion-title-heading title-heading-center fusion-responsive-typography-calculated\" style=\"margin:0;--fontSize:34;line-height:1.41;\">Ost\u00e9opathie et TMS<\/h1><span class=\"awb-title-spacer\"><\/span><div class=\"title-sep-container title-sep-container-right\"><div class=\"title-sep sep-double sep-solid\" style=\"border-color:#e0dede;\"><\/div><\/div><\/div><div class=\"fusion-text fusion-text-1\"><p><strong>Les TMS, qu\u2019est-ce que c\u2019est?<\/strong><\/p>\n<p style=\"text-align: justify;\">Le terme de troubles musculo-squelettique regroupe un ensemble d\u2019affections p\u00e9ri articulaires qui touchent les tissus mous \u00e0 savoir les muscles, les tendons, les cartilages les nerfs et les vaisseaux, au niveau des membres inf\u00e9rieurs, sup\u00e9rieurs ou m\u00eame du rachis. Ils provoquent des douleurs et une g\u00eane dans les mouvements pouvant entra\u00eener un handicap s\u00e9rieux dans la vie professionnelle et dans la vie priv\u00e9e.<\/p>\n<p style=\"text-align: justify;\">Ces pathologies repr\u00e9sentent pr\u00e8s de 70% des maladies professionnelles reconnues, ils ont engendr\u00e9 9,7 millions de journ\u00e9es de travail et cout\u00e9 930 millions d\u2019euro au r\u00e9gime g\u00e9n\u00e9ral en 2010 (source CNAMTS et CCMSA).<\/p>\n<p style=\"text-align: justify;\">Toutes les activit\u00e9s peuvent entra\u00eener leur apparition. Cependant, le lien entre des activit\u00e9s professionnelles et la survenue et l&rsquo;aggravation des TMS est aujourd&rsquo;hui bien \u00e9tabli : gestes r\u00e9p\u00e9titifs, cadences impos\u00e9es, postures statiques, contraintes de temps, mauvaise conception des outils de travail&#8230; \u00c0 ces conditions peuvent s&rsquo;ajouter des facteurs aggravants : froid, vibrations, risques psychosociaux, \u00e2ge de la personne, etc.<\/p>\n<p style=\"text-align: justify;\"><strong>Ost\u00e9opathie et TMS:<\/strong><\/p>\n<p style=\"text-align: justify;\">L\u2019ost\u00e9opathie peut avoir un r\u00f4le curatif lors de l\u2019apparitions de douleurs, mais aussi un r\u00f4le pr\u00e9ventif et de conseils lors d\u2019un suivi r\u00e9gulier afin de limiter aux mieux les arr\u00eats de travail ainsi que les maux qui en d\u00e9coulent. L\u2019ost\u00e9opathe va s\u2019attacher \u00e0 am\u00e9liorer le bien-\u00eatre des salari\u00e9s et diminuer pour les entreprise les co\u00fbts et les pertes de rentabilit\u00e9 li\u00e9es \u00e0 ces arr\u00eats de travail.<\/p>\n<\/div><div class=\"fusion-clearfix\"><\/div><\/div><\/div><\/div><\/div>\n","protected":false},"excerpt":{"rendered":"","protected":false},"author":1,"featured_media":0,"parent":0,"menu_order":0,"comment_status":"open","ping_status":"open","template":"","meta":{"footnotes":""},"class_list":["post-1328","page","type-page","status-publish","hentry"],"_links":{"self":[{"href":"https:\/\/pes-isere.fr\/bourgoin-jallieu\/wp-json\/wp\/v2\/pages\/1328","targetHints":{"allow":["GET"]}}],"collection":[{"href":"https:\/\/pes-isere.fr\/bourgoin-jallieu\/wp-json\/wp\/v2\/pages"}],"about":[{"href":"https:\/\/pes-isere.fr\/bourgoin-jallieu\/wp-json\/wp\/v2\/types\/page"}],"author":[{"embeddable":true,"href":"https:\/\/pes-isere.fr\/bourgoin-jallieu\/wp-json\/wp\/v2\/users\/1"}],"replies":[{"embeddable":true,"href":"https:\/\/pes-isere.fr\/bourgoin-jallieu\/wp-json\/wp\/v2\/comments?post=1328"}],"version-history":[{"count":1,"href":"https:\/\/pes-isere.fr\/bourgoin-jallieu\/wp-json\/wp\/v2\/pages\/1328\/revisions"}],"predecessor-version":[{"id":1400,"href":"https:\/\/pes-isere.fr\/bourgoin-jallieu\/wp-json\/wp\/v2\/pages\/1328\/revisions\/1400"}],"wp:attachment":[{"href":"https:\/\/pes-isere.fr\/bourgoin-jallieu\/wp-json\/wp\/v2\/media?parent=1328"}],"curies":[{"name":"wp","href":"https:\/\/api.w.org\/{rel}","templated":true}]}}

Ostéopathie et TMS

<div class="fusion-fullwidth fullwidth-box fusion-builder-row-1 nonhundred-percent-fullwidth non-hundred-percent-height-scrolling" style="--awb-border-radius-top-left:0px;--awb-border-radius-top-right:0px;--awb-border-radius-bottom-right:0px;--awb-border-radius-bottom-left:0px;--awb-flex-wrap:wrap;" ><div class="fusion-builder-row fusion-row"><div class="fusion-layout-column fusion_builder_column fusion-builder-column-0 fusion_builder_column_1_1 1_1 fusion-one-full fusion-column-first fusion-column-last" style="--awb-bg-size:cover;"><div class="fusion-column-wrapper fusion-flex-column-wrapper-legacy"><div class="fusion-title title fusion-title-1 fusion-title-center fusion-title-text fusion-title-size-one" style="--awb-margin-top-small:10px;--awb-margin-right-small:0px;--awb-margin-bottom-small:10px;--awb-margin-left-small:0px;"><div class="title-sep-container title-sep-container-left"><div class="title-sep sep-double sep-solid" style="border-color:#e0dede;"></div></div><span class="awb-title-spacer"></span><h1 class="fusion-title-heading title-heading-center fusion-responsive-typography-calculated" style="margin:0;--fontSize:34;line-height:1.41;">Ostéopathie et TMS</h1><span class="awb-title-spacer"></span><div class="title-sep-container title-sep-container-right"><div class="title-sep sep-double sep-solid" style="border-color:#e0dede;"></div></div></div><div class="fusion-text fusion-text-1"><p><strong>Les TMS, qu’est-ce que c’est?</strong></p>
<p style="text-align: justify;">Le terme de troubles musculo-squelettique regroupe un ensemble d’affections péri articulaires qui touchent les tissus mous à savoir les muscles, les tendons, les cartilages les nerfs et les vaisseaux, au niveau des membres inférieurs, supérieurs ou même du rachis. Ils provoquent des douleurs et une gêne dans les mouvements pouvant entraîner un handicap sérieux dans la vie professionnelle et dans la vie privée.</p>
<p style="text-align: justify;">Ces pathologies représentent près de 70% des maladies professionnelles reconnues, ils ont engendré 9,7 millions de journées de travail et couté 930 millions d’euro au régime général en 2010 (source CNAMTS et CCMSA).</p>
<p style="text-align: justify;">Toutes les activités peuvent entraîner leur apparition. Cependant, le lien entre des activités professionnelles et la survenue et l&rsquo;aggravation des TMS est aujourd&rsquo;hui bien établi : gestes répétitifs, cadences imposées, postures statiques, contraintes de temps, mauvaise conception des outils de travail&#8230; À ces conditions peuvent s&rsquo;ajouter des facteurs aggravants : froid, vibrations, risques psychosociaux, âge de la personne, etc.</p>
<p style="text-align: justify;"><strong>Ostéopathie et TMS:</strong></p>
<p style="text-align: justify;">L’ostéopathie peut avoir un rôle curatif lors de l’apparitions de douleurs, mais aussi un rôle préventif et de conseils lors d’un suivi régulier afin de limiter aux mieux les arrêts de travail ainsi que les maux qui en découlent. L’ostéopathe va s’attacher à améliorer le bien-être des salariés et diminuer pour les entreprise les coûts et les pertes de rentabilité liées à ces arrêts de travail.</p>
</div><div class="fusion-clearfix"></div></div></div></div></div>
