{"id":176,"date":"2013-05-01T00:48:20","date_gmt":"2013-04-30T23:48:20","guid":{"rendered":"https:\/\/localhost:8888\/?page_id=176"},"modified":"2019-08-26T21:38:53","modified_gmt":"2019-08-26T19:38:53","slug":"osteopathe-bourgoin-jallieu","status":"publish","type":"page","link":"https:\/\/pes-isere.fr\/bourgoin-jallieu\/osteopathe-bourgoin-jallieu\/","title":{"rendered":"Votre ost\u00e9opathe \u00e0 Bourgoin-Jallieu"},"content":{"rendered":"<div class=\"fusion-fullwidth fullwidth-box fusion-builder-row-1 nonhundred-percent-fullwidth non-hundred-percent-height-scrolling\" style=\"--awb-border-radius-top-left:0px;--awb-border-radius-top-right:0px;--awb-border-radius-bottom-right:0px;--awb-border-radius-bottom-left:0px;--awb-flex-wrap:wrap;\" ><div class=\"fusion-builder-row fusion-row\"><div class=\"fusion-layout-column fusion_builder_column fusion-builder-column-0 fusion_builder_column_1_1 1_1 fusion-one-full fusion-column-first fusion-column-last\" style=\"--awb-bg-size:cover;\"><div class=\"fusion-column-wrapper fusion-flex-column-wrapper-legacy\"><div class=\"fusion-title title fusion-title-1 fusion-title-center fusion-title-text fusion-title-size-one\" style=\"--awb-margin-top-small:10px;--awb-margin-right-small:0px;--awb-margin-bottom-small:10px;--awb-margin-left-small:0px;\"><div class=\"title-sep-container title-sep-container-left\"><div class=\"title-sep sep-double sep-solid\" style=\"border-color:#e0dede;\"><\/div><\/div><span class=\"awb-title-spacer\"><\/span><h1 class=\"fusion-title-heading title-heading-center fusion-responsive-typography-calculated\" style=\"margin:0;--fontSize:34;line-height:1.41;\">Votre Ost\u00e9opathe \u00e0 Bourgoin-Jallieu<\/h1><span class=\"awb-title-spacer\"><\/span><div class=\"title-sep-container title-sep-container-right\"><div class=\"title-sep sep-double sep-solid\" style=\"border-color:#e0dede;\"><\/div><\/div><\/div><div class=\"fusion-person person fusion-person-left fusion-person-1 fusion-person-icon-top\" style=\"--awb-pic-style-color:#000000;--awb-pic-borderradius:0px;--awb-margin-top:0px;--awb-margin-right:0px;--awb-margin-bottom:0px;--awb-margin-left:0px;--awb-social-box-border-top:0px;--awb-social-box-border-right:0px;--awb-social-box-border-bottom:0px;--awb-social-box-border-left:0px;--awb-social-box-border-color:var(--awb-color3);--awb-social-box-border-color-hover:var(--awb-color4);--awb-social-box-colors-hover:rgba(232,232,232,0.8);--awb-social-icon-boxed-colors:#e8e8e8;--awb-social-icon-colors:#82c9f0;--awb-social-icon-colors-hover:rgba(130,201,240,0.8);\"><div class=\"person-desc\"><div class=\"person-author\"><div class=\"person-author-wrapper\"><span class=\"person-name\">Yann Martin<\/span><span class=\"person-title\">Ost\u00e9opathe D.O.<\/span><\/div><\/div><div class=\"person-content fusion-clearfix\"><\/div><\/div><\/div><div class=\"fusion-text fusion-text-1\"><p style=\"text-align: justify;\">Votre Ost\u00e9opathe \u00e0 Bourgoin-Jallieu, Yann Martin, est ost\u00e9opathe exclusif dipl\u00f4m\u00e9 de l\u2019<b>Institut Sup\u00e9rieur d\u2019Ost\u00e9opathie de Lyon<\/b>\u00a0(Isost\u00e9o Lyon), \u00e9cole historique faisant partie des premi\u00e8res agr\u00e9es par le Minist\u00e8re de la Sant\u00e9 (formation en 5 ans).<\/p>\n<p style=\"text-align: justify;\">Il a suivi un cursus complet en 5 ann\u00e9es, j\u2019ai pu \u00eatre form\u00e9 \u00e0 de nombreuses mati\u00e8res th\u00e9oriques tel que l\u2019anatomie, la physiologie, la biom\u00e9canique, les diff\u00e9rentes pathologies (digestive, cardiaque, endocrinienne, la rhumatologie etc&#8230;) toutes enseign\u00e9es par des m\u00e9decins sp\u00e9cialistes.<\/p>\n<p style=\"text-align: justify;\">Il a \u00e9galement suivi lors de sa formation de nombreux cours pratiques visant \u00e0 apprendre l\u2019art ost\u00e9opathique et les diff\u00e9rentes manipulations, que se soit dans la sph\u00e8re cr\u00e2nienne, visc\u00e9rale ou ost\u00e9o-articulaire. Ces diff\u00e9rents enseignements ont \u00e9t\u00e9 mis en pratique lors d\u2019un important enseignement clinique comprenant des consultations avec des patients trait\u00e9s en condition de cabinet lib\u00e9ral au sein des cliniques de l&rsquo;\u00e9tablissement de formation. De plus, stages sportifs ou en entreprises et divers stages dans les diff\u00e9rents services hospitaliers m&rsquo;ont permis d&rsquo;accentuer cette pratique clinique.<\/p>\n<p style=\"text-align: justify;\">Cet enseignement clinique lui a permis de prendre en charge enfants, adolescents, sportifs, seniors, femmes enceintes et nourrissons.<\/p>\n<p style=\"text-align: justify;\">Il a \u00e9galement largement c\u00f4toy\u00e9 le milieu sportif en intervenant sur diff\u00e9rents \u00e9v\u00e8nements (Marathon de Lyon, trails et cross, comp\u00e9tition de handball,\u00a0badminton, volleyball, tennis\u2026) et en accompagnant diff\u00e9rents clubs sportifs.<\/p>\n<p style=\"text-align: justify;\">Ses diff\u00e9rentes exp\u00e9riences en entreprise lui ont permis de d\u00e9couvrir la prise en charge du patient dans le cadre de son activit\u00e9 professionnelle et de comprendre comment notre rythme de vie influe sur notre \u00e9quilibre et notre sant\u00e9.<\/p>\n<p style=\"text-align: justify;\">Il a eu la chance d\u2019avoir plusieurs exp\u00e9riences en centres d\u2019accueil m\u00e9dicalis\u00e9s pour personnes handicap\u00e9es.<\/p>\n<p style=\"text-align: justify;\">Sa formation lui permet de s\u2019adapter \u00e0 chaque patient selon son profil et ses plaintes.<\/p>\n<p style=\"text-align: justify;\">Que le motif de consultation soit de son ressort ou qu\u2019il soit n\u00e9cessaire de r\u00e9-orienter le patient vers un sp\u00e9cialiste, sa pratique est avant tout orient\u00e9e vers la prise en charge globale du patient en toute s\u00e9curit\u00e9.<\/p>\n<p style=\"text-align: justify;\">Dans un soucis de compl\u00e9mentarit\u00e9, pour le bon suivi et la facilit\u00e9 d&rsquo;organisation des patients, votre Ost\u00e9opathe \u00e0 Bourgoin-Jallieu est install\u00e9 dans une structure pluridisciplinaire et travail en collaboration avec des Orthop\u00e9distes\/Orth\u00e9siste et des Kin\u00e9sith\u00e9rapeutes. Le cabinet est situ\u00e9 au sein du p\u00f4le m\u00e9dical de Bourgoin-Jallieu dans le centre de consultation qui regroupe \u00e9galement des m\u00e9decins, ORL, Ophtalmologues, Chirurgiens, sages femmes, psychologues et infirmi\u00e8res.<\/p>\n<\/div><div class=\"fusion-title title fusion-title-2 fusion-sep-none fusion-title-text fusion-title-size-two\" style=\"--awb-margin-top-small:10px;--awb-margin-right-small:0px;--awb-margin-bottom-small:10px;--awb-margin-left-small:0px;\"><h2 class=\"fusion-title-heading title-heading-left fusion-responsive-typography-calculated\" style=\"margin:0;--fontSize:28;line-height:1.5;\">Son \u00e9tablissement de formation<\/h2><\/div><div class=\"fusion-text fusion-text-2\"><p style=\"text-align: justify;\"><a href=\"http:\/\/www.isosteo.fr\/\"><img decoding=\"async\" class=\"alignleft wp-image-2246\" src=\"https:\/\/pes-moselle.fr\/yutz\/wp-content\/uploads\/sites\/2\/2014\/03\/Isosteo-1024x860.jpg\" alt=\"isosteo\" width=\"262\" height=\"220\" \/><\/a>Fond\u00e9 en\u00a0<strong>1991<\/strong>, l\u2019Institut Sup\u00e9rieur d\u2019Ost\u00e9opathie de Lyon-Limonest (auparavant connu sous le nom d\u2019ISO Lyon) a particip\u00e9 activement \u00e0 la cr\u00e9ation du 1er enseignement de l\u2019ost\u00e9opathie en formation initiale post-bac. En\u00a0<strong>2007<\/strong>, ISO Lyon a fait partie de la 1\u00e8re liste d\u2019\u00e9coles agr\u00e9\u00e9es par le Minist\u00e8re de la Sant\u00e9 pour d\u00e9livrer le Dipl\u00f4me d\u2019Ost\u00e9opathe (D.O). Le Dipl\u00f4me d\u2019Ost\u00e9opathe permet l\u2019usage du titre d\u2019ost\u00e9opathe et l\u2019exercice lib\u00e9ral d\u2019ost\u00e9opathe. En\u00a0<strong>2010<\/strong>,\u00a0ISO Lyon devient ISOst\u00e9o Lyon.\u00a0Symbole d\u2019une nouvelle dynamique, le nom<strong>\u00a0<a href=\"http:\/\/www.isosteo.fr\/\" target=\"_blank\" rel=\"noopener noreferrer\">ISOst\u00e9o<\/a>\u00a0<\/strong>met en avant le\u00a0m\u00e9tier d\u2019ost\u00e9opathe\u00a0et repr\u00e9sente la volont\u00e9 non seulement de s\u2019adapter aux \u00e9volutions du monde de l\u2019ost\u00e9opathie, mais encore de contribuer \u00e0 leur anticipation, \u00e0 travers un enseignement ax\u00e9 sur la professionnalisation. Depuis\u00a0<strong>2011<\/strong>\u00a0le Dipl\u00f4me d\u2019Ost\u00e9opathe (D.O) d\u00e9livr\u00e9 par ISOst\u00e9o Lyon est certifi\u00e9\u00a0<a href=\"http:\/\/www.rncp.cncp.gouv.fr\/grand-public\/visualisationFiche?format=fr&amp;fiche=11938\">RNCP (R\u00e9pertoire national des certifications professionnelles)\u00a0Niveau I Grade de Master (Bac+5)<\/a>\u00a0: ISOst\u00e9o Lyon fait partie des 11 \u00e9coles fran\u00e7aises habilit\u00e9es de Niveau I par le Minist\u00e8re du Travail. ISOst\u00e9o Lyon fait \u00e9galement partie de la\u00a0<strong><a href=\"https:\/\/www.fneso.fr\/\">FNESO<\/a>\u00a0<\/strong>(F\u00e9d\u00e9ration Nationale de l\u2019Enseignement Sup\u00e9rieur en Ost\u00e9opathie)\u00a0qui regroupe les \u00e9tablissements d\u2019enseignement sup\u00e9rieur en ost\u00e9opathie agr\u00e9\u00e9s par le Minist\u00e8re de la Sant\u00e9 et acceptant un audit de conformit\u00e9 \u00e0 la norme r\u00e9glementaire par un organisme ind\u00e9pendant de la profession.<\/p>\n<\/div><div class=\"fusion-clearfix\"><\/div><\/div><\/div><\/div><\/div>\n","protected":false},"excerpt":{"rendered":"","protected":false},"author":1,"featured_media":0,"parent":0,"menu_order":0,"comment_status":"closed","ping_status":"closed","template":"","meta":{"footnotes":""},"class_list":["post-176","page","type-page","status-publish","hentry"],"_links":{"self":[{"href":"https:\/\/pes-isere.fr\/bourgoin-jallieu\/wp-json\/wp\/v2\/pages\/176","targetHints":{"allow":["GET"]}}],"collection":[{"href":"https:\/\/pes-isere.fr\/bourgoin-jallieu\/wp-json\/wp\/v2\/pages"}],"about":[{"href":"https:\/\/pes-isere.fr\/bourgoin-jallieu\/wp-json\/wp\/v2\/types\/page"}],"author":[{"embeddable":true,"href":"https:\/\/pes-isere.fr\/bourgoin-jallieu\/wp-json\/wp\/v2\/users\/1"}],"replies":[{"embeddable":true,"href":"https:\/\/pes-isere.fr\/bourgoin-jallieu\/wp-json\/wp\/v2\/comments?post=176"}],"version-history":[{"count":3,"href":"https:\/\/pes-isere.fr\/bourgoin-jallieu\/wp-json\/wp\/v2\/pages\/176\/revisions"}],"predecessor-version":[{"id":1424,"href":"https:\/\/pes-isere.fr\/bourgoin-jallieu\/wp-json\/wp\/v2\/pages\/176\/revisions\/1424"}],"wp:attachment":[{"href":"https:\/\/pes-isere.fr\/bourgoin-jallieu\/wp-json\/wp\/v2\/media?parent=176"}],"curies":[{"name":"wp","href":"https:\/\/api.w.org\/{rel}","templated":true}]}}

Votre ostéopathe à Bourgoin-Jallieu

<div class="fusion-fullwidth fullwidth-box fusion-builder-row-1 nonhundred-percent-fullwidth non-hundred-percent-height-scrolling" style="--awb-border-radius-top-left:0px;--awb-border-radius-top-right:0px;--awb-border-radius-bottom-right:0px;--awb-border-radius-bottom-left:0px;--awb-flex-wrap:wrap;" ><div class="fusion-builder-row fusion-row"><div class="fusion-layout-column fusion_builder_column fusion-builder-column-0 fusion_builder_column_1_1 1_1 fusion-one-full fusion-column-first fusion-column-last" style="--awb-bg-size:cover;"><div class="fusion-column-wrapper fusion-flex-column-wrapper-legacy"><div class="fusion-title title fusion-title-1 fusion-title-center fusion-title-text fusion-title-size-one" style="--awb-margin-top-small:10px;--awb-margin-right-small:0px;--awb-margin-bottom-small:10px;--awb-margin-left-small:0px;"><div class="title-sep-container title-sep-container-left"><div class="title-sep sep-double sep-solid" style="border-color:#e0dede;"></div></div><span class="awb-title-spacer"></span><h1 class="fusion-title-heading title-heading-center fusion-responsive-typography-calculated" style="margin:0;--fontSize:34;line-height:1.41;">Votre Ostéopathe à Bourgoin-Jallieu</h1><span class="awb-title-spacer"></span><div class="title-sep-container title-sep-container-right"><div class="title-sep sep-double sep-solid" style="border-color:#e0dede;"></div></div></div><div class="fusion-person person fusion-person-left fusion-person-1 fusion-person-icon-top" style="--awb-pic-style-color:#000000;--awb-pic-borderradius:0px;--awb-margin-top:0px;--awb-margin-right:0px;--awb-margin-bottom:0px;--awb-margin-left:0px;--awb-social-box-border-top:0px;--awb-social-box-border-right:0px;--awb-social-box-border-bottom:0px;--awb-social-box-border-left:0px;--awb-social-box-border-color:var(--awb-color3);--awb-social-box-border-color-hover:var(--awb-color4);--awb-social-box-colors-hover:rgba(232,232,232,0.8);--awb-social-icon-boxed-colors:#e8e8e8;--awb-social-icon-colors:#82c9f0;--awb-social-icon-colors-hover:rgba(130,201,240,0.8);"><div class="person-desc"><div class="person-author"><div class="person-author-wrapper"><span class="person-name">Yann Martin</span><span class="person-title">Ostéopathe D.O.</span></div></div><div class="person-content fusion-clearfix"></div></div></div><div class="fusion-text fusion-text-1"><p style="text-align: justify;">Votre Ostéopathe à Bourgoin-Jallieu, Yann Martin, est ostéopathe exclusif diplômé de l’<b>Institut Supérieur d’Ostéopathie de Lyon</b> (Isostéo Lyon), école historique faisant partie des premières agrées par le Ministère de la Santé (formation en 5 ans).</p>
<p style="text-align: justify;">Il a suivi un cursus complet en 5 années, j’ai pu être formé à de nombreuses matières théoriques tel que l’anatomie, la physiologie, la biomécanique, les différentes pathologies (digestive, cardiaque, endocrinienne, la rhumatologie etc&#8230;) toutes enseignées par des médecins spécialistes.</p>
<p style="text-align: justify;">Il a également suivi lors de sa formation de nombreux cours pratiques visant à apprendre l’art ostéopathique et les différentes manipulations, que se soit dans la sphère crânienne, viscérale ou ostéo-articulaire. Ces différents enseignements ont été mis en pratique lors d’un important enseignement clinique comprenant des consultations avec des patients traités en condition de cabinet libéral au sein des cliniques de l&rsquo;établissement de formation. De plus, stages sportifs ou en entreprises et divers stages dans les différents services hospitaliers m&rsquo;ont permis d&rsquo;accentuer cette pratique clinique.</p>
<p style="text-align: justify;">Cet enseignement clinique lui a permis de prendre en charge enfants, adolescents, sportifs, seniors, femmes enceintes et nourrissons.</p>
<p style="text-align: justify;">Il a également largement côtoyé le milieu sportif en intervenant sur différents évènements (Marathon de Lyon, trails et cross, compétition de handball, badminton, volleyball, tennis…) et en accompagnant différents clubs sportifs.</p>
<p style="text-align: justify;">Ses différentes expériences en entreprise lui ont permis de découvrir la prise en charge du patient dans le cadre de son activité professionnelle et de comprendre comment notre rythme de vie influe sur notre équilibre et notre santé.</p>
<p style="text-align: justify;">Il a eu la chance d’avoir plusieurs expériences en centres d’accueil médicalisés pour personnes handicapées.</p>
<p style="text-align: justify;">Sa formation lui permet de s’adapter à chaque patient selon son profil et ses plaintes.</p>
<p style="text-align: justify;">Que le motif de consultation soit de son ressort ou qu’il soit nécessaire de ré-orienter le patient vers un spécialiste, sa pratique est avant tout orientée vers la prise en charge globale du patient en toute sécurité.</p>
<p style="text-align: justify;">Dans un soucis de complémentarité, pour le bon suivi et la facilité d&rsquo;organisation des patients, votre Ostéopathe à Bourgoin-Jallieu est installé dans une structure pluridisciplinaire et travail en collaboration avec des Orthopédistes/Orthésiste et des Kinésithérapeutes. Le cabinet est situé au sein du pôle médical de Bourgoin-Jallieu dans le centre de consultation qui regroupe également des médecins, ORL, Ophtalmologues, Chirurgiens, sages femmes, psychologues et infirmières.</p>
</div><div class="fusion-title title fusion-title-2 fusion-sep-none fusion-title-text fusion-title-size-two" style="--awb-margin-top-small:10px;--awb-margin-right-small:0px;--awb-margin-bottom-small:10px;--awb-margin-left-small:0px;"><h2 class="fusion-title-heading title-heading-left fusion-responsive-typography-calculated" style="margin:0;--fontSize:28;line-height:1.5;">Son établissement de formation</h2></div><div class="fusion-text fusion-text-2"><p style="text-align: justify;"><a href="http://www.isosteo.fr/"><img decoding="async" class="alignleft wp-image-2246" src="https://pes-moselle.fr/yutz/wp-content/uploads/sites/2/2014/03/Isosteo-1024x860.jpg" alt="isosteo" width="262" height="220" /></a>Fondé en <strong>1991</strong>, l’Institut Supérieur d’Ostéopathie de Lyon-Limonest (auparavant connu sous le nom d’ISO Lyon) a participé activement à la création du 1er enseignement de l’ostéopathie en formation initiale post-bac. En <strong>2007</strong>, ISO Lyon a fait partie de la 1ère liste d’écoles agréées par le Ministère de la Santé pour délivrer le Diplôme d’Ostéopathe (D.O). Le Diplôme d’Ostéopathe permet l’usage du titre d’ostéopathe et l’exercice libéral d’ostéopathe. En <strong>2010</strong>, ISO Lyon devient ISOstéo Lyon. Symbole d’une nouvelle dynamique, le nom<strong> <a href="http://www.isosteo.fr/" target="_blank" rel="noopener noreferrer">ISOstéo</a> </strong>met en avant le métier d’ostéopathe et représente la volonté non seulement de s’adapter aux évolutions du monde de l’ostéopathie, mais encore de contribuer à leur anticipation, à travers un enseignement axé sur la professionnalisation. Depuis <strong>2011</strong> le Diplôme d’Ostéopathe (D.O) délivré par ISOstéo Lyon est certifié <a href="http://www.rncp.cncp.gouv.fr/grand-public/visualisationFiche?format=fr&amp;fiche=11938">RNCP (Répertoire national des certifications professionnelles) Niveau I Grade de Master (Bac+5)</a> : ISOstéo Lyon fait partie des 11 écoles françaises habilitées de Niveau I par le Ministère du Travail. ISOstéo Lyon fait également partie de la <strong><a href="https://www.fneso.fr/">FNESO</a> </strong>(Fédération Nationale de l’Enseignement Supérieur en Ostéopathie) qui regroupe les établissements d’enseignement supérieur en ostéopathie agréés par le Ministère de la Santé et acceptant un audit de conformité à la norme réglementaire par un organisme indépendant de la profession.</p>
</div><div class="fusion-clearfix"></div></div></div></div></div>
