{"id":198,"date":"2013-05-01T14:05:42","date_gmt":"2013-05-01T13:05:42","guid":{"rendered":"https:\/\/localhost:8888\/?page_id=198"},"modified":"2017-07-02T20:42:42","modified_gmt":"2017-07-02T18:42:42","slug":"osteopathe-enfants-adolescents","status":"publish","type":"page","link":"https:\/\/pes-isere.fr\/bourgoin-jallieu\/osteopathe-enfants-adolescents\/","title":{"rendered":"Enfants \/ Adolescents"},"content":{"rendered":"<div class=\"fusion-fullwidth fullwidth-box fusion-builder-row-1 nonhundred-percent-fullwidth non-hundred-percent-height-scrolling\" style=\"--awb-border-radius-top-left:0px;--awb-border-radius-top-right:0px;--awb-border-radius-bottom-right:0px;--awb-border-radius-bottom-left:0px;--awb-flex-wrap:wrap;\" ><div class=\"fusion-builder-row fusion-row\"><div class=\"fusion-layout-column fusion_builder_column fusion-builder-column-0 fusion_builder_column_1_1 1_1 fusion-one-full fusion-column-first fusion-column-last\" style=\"--awb-bg-size:cover;\"><div class=\"fusion-column-wrapper fusion-flex-column-wrapper-legacy\"><div class=\"fusion-title title fusion-title-1 fusion-title-center fusion-title-text fusion-title-size-one\" style=\"--awb-margin-top-small:10px;--awb-margin-right-small:0px;--awb-margin-bottom-small:10px;--awb-margin-left-small:0px;\"><div class=\"title-sep-container title-sep-container-left\"><div class=\"title-sep sep-double sep-solid\" style=\"border-color:#e0dede;\"><\/div><\/div><span class=\"awb-title-spacer\"><\/span><h1 class=\"fusion-title-heading title-heading-center fusion-responsive-typography-calculated\" style=\"margin:0;--fontSize:34;line-height:1.41;\">Ost\u00e9opathe pour Enfant \/ Adolescent<\/h1><span class=\"awb-title-spacer\"><\/span><div class=\"title-sep-container title-sep-container-right\"><div class=\"title-sep sep-double sep-solid\" style=\"border-color:#e0dede;\"><\/div><\/div><\/div><div class=\"fusion-text fusion-text-1\"><p style=\"text-align: justify;\">\u00ab\u00a0L&rsquo;enfant est un adulte en devenir.\u00a0\u00bb C&rsquo;est effectivement ce qu&rsquo;il ne faut jamais perdre de vue car la p\u00e9riode de\u00a0la croissance,\u00a0la pubert\u00e9, constituent les modifications les plus importantes que connait notre corps au cours de la vie. Ainsi, l&rsquo;enfant se construit \u00a0physiquement, intellectuellement et apprend \u00e0 interagir avec le monde qui l&rsquo;entoure.<\/p>\n<p style=\"text-align: justify;\">L&rsquo;enfant apprend \u00e0 marcher et donne lieu \u00e0 toutes sortes de modifications de posture, dues \u00e0 des nouvelles contraintes de gravit\u00e9. Il connaitra in\u00e9vitablement quelques chutes qui sont autant de micro-traumatismes qui pourront avoir des r\u00e9percutions sur son \u00e9quilibre. Ajoutons \u00e0 cela la pratique de sports divers qui mettront \u00e0 rude \u00e9preuve un corps en cours de constitution.<\/p>\n<p style=\"text-align: justify;\">Cette p\u00e9riode de la vie oblige notre organisme \u00e0 mettre en place bon nombre d&rsquo;adaptations afin de garder l&rsquo;\u00e9quilibre. Les traitements orthodontiques, fr\u00e9quents de nos jours, viennent se sur-ajouter et peuvent cr\u00e9er des tensions au niveau de la m\u00e2choire, du cou, de la musculature du haut du dos et m\u00eame parfois encore plus \u00e0 distance.<\/p>\n<p style=\"text-align: justify;\">La colonne vert\u00e9brale est aussi le lieu de l&rsquo;installation de scolioses ou attitudes scoliotiques que l&rsquo;Ost\u00e9opathie peut aider \u00e0 limiter, souvent en collaboration avec d&rsquo;autres professionnels de la sant\u00e9.<br \/>\nLes probl\u00e8mes comportementaux et sociaux sont \u00e9galement monnaie courante: difficult\u00e9 \u00e0 la concentration, hyper-activit\u00e9, dyslexie, anorexie, boulimie&#8230;<br \/>\nLa jeune adolescente conna\u00eetra ses premi\u00e8res r\u00e8gles qui en se mettant en place pourront parfois causer des douleurs.<\/p>\n<p style=\"text-align: justify;\">L&rsquo;Ost\u00e9opathe peut prendre en charge avec efficacit\u00e9 ces divers probl\u00e8mes et apporter \u00e0 l&rsquo;enfant ou l&rsquo;adolescent du confort tout en le soulageant de certaines douleurs. Ceci dans une prise en charge souvent pluri-disciplinaire au service de la sant\u00e9 de nos jeunes pousses. L&rsquo;Ost\u00e9opathe est donc un v\u00e9ritable compagnon durant la croissance.<\/p>\n<\/div><div class=\"fusion-clearfix\"><\/div><\/div><\/div><\/div><\/div>\n","protected":false},"excerpt":{"rendered":"","protected":false},"author":1,"featured_media":0,"parent":0,"menu_order":0,"comment_status":"open","ping_status":"open","template":"","meta":{"footnotes":""},"class_list":["post-198","page","type-page","status-publish","hentry"],"_links":{"self":[{"href":"https:\/\/pes-isere.fr\/bourgoin-jallieu\/wp-json\/wp\/v2\/pages\/198","targetHints":{"allow":["GET"]}}],"collection":[{"href":"https:\/\/pes-isere.fr\/bourgoin-jallieu\/wp-json\/wp\/v2\/pages"}],"about":[{"href":"https:\/\/pes-isere.fr\/bourgoin-jallieu\/wp-json\/wp\/v2\/types\/page"}],"author":[{"embeddable":true,"href":"https:\/\/pes-isere.fr\/bourgoin-jallieu\/wp-json\/wp\/v2\/users\/1"}],"replies":[{"embeddable":true,"href":"https:\/\/pes-isere.fr\/bourgoin-jallieu\/wp-json\/wp\/v2\/comments?post=198"}],"version-history":[{"count":4,"href":"https:\/\/pes-isere.fr\/bourgoin-jallieu\/wp-json\/wp\/v2\/pages\/198\/revisions"}],"predecessor-version":[{"id":1391,"href":"https:\/\/pes-isere.fr\/bourgoin-jallieu\/wp-json\/wp\/v2\/pages\/198\/revisions\/1391"}],"wp:attachment":[{"href":"https:\/\/pes-isere.fr\/bourgoin-jallieu\/wp-json\/wp\/v2\/media?parent=198"}],"curies":[{"name":"wp","href":"https:\/\/api.w.org\/{rel}","templated":true}]}}